pose -24*j + 3608 - 872 = 0. Calculate the highest common divisor of j and 38.
38
Let a = -356 - -505. Suppose 4*u = 5*t - 944, a = -5*t - 4*u + 1125. Calculate the highest common factor of 12 and t.
12
Let q(j) = j**2 + 6*j + 6. Let u be q(7). Suppose -o - 17 + u = 0. Calculate the greatest common factor of o and 10.
10
Let l(a) = a + 3. Let b be l(-5). Let c be 12 - (6 + -2)/b. Suppose 730 - 170 = 5*p. Calculate the highest common factor of c and p.
14
Let g(q) = q**3 - 3*q**2 + 9*q - 37. Let w be g(4). What is the greatest common divisor of w and 10?
5
Suppose h + h - 2 = -5*w, 3*w + 4*h = -10. Suppose w*a - 9 = a. Calculate the greatest common factor of 6 and a.
3
Suppose -5*f + 16 = -19. Let m be (-12 + f)/(1/(-3)). Let q(t) = 7*t**2 - 3*t + 3. Let p be q(-3). Calculate the greatest common divisor of p and m.
15
Suppose 4*v = 2*v - 116. Let i = v - -71. Calculate the greatest common factor of 13 and i.
13
Let o = 29 + -7. Suppose 2*p - 6 = 0, -o = 4*q - 2*p + 8. Let d be (q/(-9))/((-1)/(-18)). Calculate the highest common factor of d and 84.
12
Suppose 0 = -11*m + 6*m + 200. Suppose 2*k + 4*w = -2*k + m, -6 = 2*w. Calculate the greatest common factor of 117 and k.
13
Suppose -o + 22 = 10*o. Suppose 4*h + 4*l = -h + 182, -3*l = -o*h + 82. Calculate the highest common divisor of h and 19.
19
Suppose -u + 10 = 5*t - 2*t, 0 = 2*u + 5*t - 23. Let d = -10 + u. Let g(x) = -x**2 + 12*x + 9. Let y be g(d). What is the greatest common divisor of 4 and y?
4
Let t = 2658 - 2567. Calculate the highest common factor of 169 and t.
13
Suppose -3*z + 12 = d + 2, 3*d = 3. Suppose 0 = -z*l + 248 + 67. Let k be 15*(-1 + (-4 - -6)). What is the highest common factor of k and l?
15
Let a(f) = 18*f**2 + 18*f - 18. Let o be a(1). Let v = 11 - 2. What is the greatest common factor of v and o?
9
Let a be 4/(-12) + (-74)/(-6). Suppose -16 - 110 = -7*z. Calculate the greatest common factor of z and a.
6
Let c(a) = -a. Let d(l) = -l**2 + 5*l - 16. Let r(i) = -24*c(i) - 3*d(i). Let z be r(-9). Calculate the highest common factor of z and 42.
42
Suppose -5*n + 2*k + 39 = -0*n, n + 4*k = 21. Let u be 190 - (n + -3)/2. Suppose 128 + u = 5*c. What is the highest common divisor of c and 7?
7
Let n = -23 + 671. What is the highest common factor of n and 24?
24
Let m be (-2)/7 + (-2104)/(-14). Let l = 94 + -102. Let d be -20*2/12*(-1 + l). What is the greatest common factor of m and d?
30
Let c be 1 + -4 - (12 + -81). Let s = 18 - 14. Suppose 0 = 2*k + 3*h - c, -s*h = -4*k - k + 142. Calculate the highest common factor of k and 210.
30
Suppose -5*s + 280 = 5*f, -148 = -4*s + 2*f + 70. Let v be 21/49 - 74/(-7). What is the highest common factor of s and v?
11
Let y = -221 - -232. What is the highest common divisor of 33 and y?
11
Let h(v) = 2*v**3 - 51*v**2 - 24*v - 30. Let y be h(26). Calculate the highest common divisor of y and 286.
22
Suppose 105 = 2*j - 15. Suppose -4*l + 4*v - 7*v + 90 = 0, 4*v + 8 = 0. Calculate the highest common divisor of j and l.
12
Suppose 0 = -3*p - 44 + 368. Suppose 5*f - n - p = 0, -n + 25 - 1 = f. Calculate the highest common factor of f and 2.
2
Let a = 2057 + -2027. Suppose 0*h - 2*h = -40. What is the highest common divisor of a and h?
10
Let n(h) = h**2 + 3*h - 3. Let w be n(7). Let d = w + -57. Let z be 1/2 + (-318)/(-4). Calculate the highest common factor of d and z.
10
Suppose -2*v = 2*v - 112. Let c(k) = 2*k - 5. Let z be c(0). Let r be (-5)/z + 0 + 0 + 41. Calculate the highest common divisor of v and r.
14
Suppose -13*m = -14*m - 1, -2*m - 1223 = -3*k. What is the greatest common divisor of 37 and k?
37
Let r(u) = -19*u - 8. Let z be r(4). Let v = -34 - z. What is the greatest common divisor of 10 and v?
10
Suppose -2439 = -30*p - 189. Calculate the highest common divisor of 150 and p.
75
Suppose u - 4*u - 36 = 0. Let p be (-114)/(-5) - (-10)/50. Let x = p - u. Calculate the greatest common divisor of 7 and x.
7
Let j(l) = l**3 - 6*l**2 - 7*l + 8. Let t be -6 - -1 - -1 - -11. Let b be j(t). Calculate the highest common divisor of 32 and b.
8
Let q(p) = 8*p**2 + 3*p - 5. Let o be q(3). Let s be (3 - 0)*(21 + -2). Calculate the greatest common factor of o and s.
19
Suppose 4*j - 2 = 174. Suppose -5*u - 1 = -11. Let l = u - -2. Calculate the highest common factor of j and l.
4
Let d(k) = -131*k - 246. Let v be d(-2). Suppose 0 = 5*h + 5*c - 620, 0*h = -3*h - 2*c + 376. What is the greatest common factor of v and h?
16
Let t(s) = -14 - 6*s - 5*s**2 - s**2 + 7*s**2. Let z be t(8). Suppose z*q + 4*m = 96, 2 = -2*m - 0. What is the highest common factor of q and 125?
25
Let k = -5 - -16. Let g = 1503 + -887. Suppose 0 = -m + 8*m - g. Calculate the greatest common factor of k and m.
11
Let d(m) be the second derivative of m**3/6 + 3*m**2 - 6*m. Let z be d(-3). Suppose -z*x = 2*x - 80. Calculate the greatest common divisor of 4 and x.
4
Let k be 18/(2 + 7) + 793. Calculate the highest common divisor of k and 15.
15
Suppose 212 = 2*n - 78. Let f be n/2 + 3/(-6). Let q = -20 + 29. What is the greatest common factor of f and q?
9
Suppose -y = 2*y + 2*s - 952, 3*y - 953 = -s. What is the greatest common factor of y and 30?
6
Let y(q) = -16*q - 36. Let r be y(-3). What is the highest common divisor of r and 132?
12
Let c be 1 + (-4)/(-10) + 126/10. Let v be 2 - (2 - -2 - c). Calculate the greatest common factor of 24 and v.
12
Suppose -104*s = -100*s - 672. What is the highest common factor of s and 21?
21
Suppose 78*u = 2*r + 76*u - 110, -4*r = -3*u - 223. Calculate the highest common divisor of r and 87.
29
Suppose -r = -8*r - 112. Let t = 4 - r. Calculate the greatest common divisor of 2 and t.
2
Let z be 4 + 3 + (2 - -3). Calculate the highest common factor of z and 192.
12
Let m = -155 - 23. Suppose -4*k - 60 - 206 = -t, -5*t - k = -1288. Let v = t + m. Calculate the highest common factor of 32 and v.
16
Let m = 128 + -26. Calculate the highest common divisor of m and 918.
102
Suppose 0 = g - 4*q - 58, -4*q - 172 = 2*g - 6*g. Let p = 58 - g. What is the greatest common divisor of p and 80?
20
Suppose -5*q + 9 = -6. Suppose -5*p = -t + 4 + 7, 2*t - 9 = -q*p. What is the greatest common factor of 18 and t?
6
Suppose 2372 = 12*k + 776. What is the greatest common factor of 7 and k?
7
Let s = -180 + 310. What is the greatest common factor of s and 78?
26
Let t = 4 - -13. Let y be 4/7 - (-1014)/14. Suppose -y = -2*c - 5. Calculate the highest common factor of t and c.
17
Suppose 31*p - 64 - 60 = 0. What is the greatest common divisor of 74 and p?
2
Let a be 5 - (5 + -1) - -19. Suppose 5*l = a, 2*b + 5*l = 27 + 47. What is the highest common divisor of 3 and b?
3
Suppose -3*v - v + 3*z = -47, 4*z = 12. Suppose -3*s - g - 3*g + 71 = 0, 4*s = g + 82. What is the highest common factor of v and s?
7
Let a be (-120)/(-54) + -2 + (-932)/(-18). Calculate the greatest common divisor of 169 and a.
13
Let z be (-112)/(-21) + (-5)/(-3). What is the highest common divisor of 21 and z?
7
Let r be (1/(-1))/((-20)/140). Let a = r + 9. Let m = 222 + -110. What is the greatest common divisor of a and m?
16
Let s(j) = -4*j**2 + 40*j - 7. Let h be s(9). Calculate the greatest common divisor of h and 116.
29
Let w = 11 + 31. Let u be 1 + (0 - 1 - -2). Let t(q) = 5*q**3 - 2*q**2 - q - 2. Let l be t(u). Calculate the greatest common divisor of l and w.
14
Let s be (20/12)/(3/63). Let m(v) = 2*v**2 + 5*v - 9. Let u be m(-5). Let g = u + -9. Calculate the greatest common divisor of s and g.
7
Let t(n) = -n**3 - 14*n**2 + 18*n + 112. Let a be t(-16). Calculate the highest common factor of a and 147.
21
Let a be -1 + 1 + 0 - -3. Suppose -a*h - 13 + 64 = -5*o, 0 = -3*h - 5*o + 21. What is the highest common divisor of h and 48?
12
Suppose 3*f + 4*t = 12, 5*t = 4*f - 30 - 17. Suppose 5*p - f - 1 = z, -z = -4*p + 5. What is the highest common divisor of 22 and z?
11
Suppose -47 = 2*d - 5*t, 2*t - 5 = 1. Suppose 27*u + 30 = 25*u + 5*f, 0 = -3*u - 5*f - 20. Let z = u - d. What is the highest common factor of 6 and z?
6
Let v = -58 - -495. Calculate the highest common divisor of v and 46.
23
Let t = -339 + 420. Calculate the highest common factor of 459 and t.
27
Let n(z) = -z**3 - 6*z**2 - 5*z - 7. Let o be n(-7). Calculate the greatest common factor of 55 and o.
11
Let p(